{"id":13398,"date":"2021-11-20T23:14:23","date_gmt":"2021-11-20T16:14:23","guid":{"rendered":"https:\/\/coffeehome.vn\/?post_type=product&#038;p=13398"},"modified":"2024-05-18T08:19:48","modified_gmt":"2024-05-18T01:19:48","slug":"bo-san-pham-pha-ca-phe-mau-hong-3-mon-hero","status":"publish","type":"product","link":"https:\/\/coffeehome.vn\/index.php\/product\/bo-san-pham-pha-ca-phe-mau-hong-3-mon-hero\/","title":{"rendered":"B\u1ed9 S\u1ea3n ph\u1ea9m pha C\u00e0 ph\u00ea m\u00e0u h\u1ed3ng 3 m\u00f3n &#8211; Hero"},"content":{"rendered":"<p><img loading=\"lazy\" class=\"aligncenter size-full wp-image-13399\" src=\"https:\/\/coffeehome.vn\/wp-content\/uploads\/2021\/11\/O1CN01GkBOFu1dq2CixsPph_924613786.jpg\" alt=\"\" width=\"790\" height=\"1302\" srcset=\"https:\/\/coffeehome.vn\/wp-content\/uploads\/2021\/11\/O1CN01GkBOFu1dq2CixsPph_924613786.jpg 790w, https:\/\/coffeehome.vn\/wp-content\/uploads\/2021\/11\/O1CN01GkBOFu1dq2CixsPph_924613786-182x300.jpg 182w, https:\/\/coffeehome.vn\/wp-content\/uploads\/2021\/11\/O1CN01GkBOFu1dq2CixsPph_924613786-621x1024.jpg 621w, https:\/\/coffeehome.vn\/wp-content\/uploads\/2021\/11\/O1CN01GkBOFu1dq2CixsPph_924613786-768x1266.jpg 768w, https:\/\/coffeehome.vn\/wp-content\/uploads\/2021\/11\/O1CN01GkBOFu1dq2CixsPph_924613786-600x989.jpg 600w\" sizes=\"(max-width: 790px) 100vw, 790px\" \/> <img loading=\"lazy\" class=\"aligncenter size-full wp-image-13400\" src=\"https:\/\/coffeehome.vn\/wp-content\/uploads\/2021\/11\/O1CN01Hv1Ot71dq2CfByUwO_924613786.jpg\" alt=\"\" width=\"790\" height=\"1225\" srcset=\"https:\/\/coffeehome.vn\/wp-content\/uploads\/2021\/11\/O1CN01Hv1Ot71dq2CfByUwO_924613786.jpg 790w, https:\/\/coffeehome.vn\/wp-content\/uploads\/2021\/11\/O1CN01Hv1Ot71dq2CfByUwO_924613786-193x300.jpg 193w, https:\/\/coffeehome.vn\/wp-content\/uploads\/2021\/11\/O1CN01Hv1Ot71dq2CfByUwO_924613786-660x1024.jpg 660w, https:\/\/coffeehome.vn\/wp-content\/uploads\/2021\/11\/O1CN01Hv1Ot71dq2CfByUwO_924613786-768x1191.jpg 768w, https:\/\/coffeehome.vn\/wp-content\/uploads\/2021\/11\/O1CN01Hv1Ot71dq2CfByUwO_924613786-600x930.jpg 600w\" sizes=\"(max-width: 790px) 100vw, 790px\" \/> <img loading=\"lazy\" class=\"aligncenter size-full wp-image-13401\" src=\"https:\/\/coffeehome.vn\/wp-content\/uploads\/2021\/11\/O1CN01PzT4ts1dq2CgqIuVD_924613786.jpg\" alt=\"\" width=\"790\" height=\"1260\" srcset=\"https:\/\/coffeehome.vn\/wp-content\/uploads\/2021\/11\/O1CN01PzT4ts1dq2CgqIuVD_924613786.jpg 790w, https:\/\/coffeehome.vn\/wp-content\/uploads\/2021\/11\/O1CN01PzT4ts1dq2CgqIuVD_924613786-188x300.jpg 188w, https:\/\/coffeehome.vn\/wp-content\/uploads\/2021\/11\/O1CN01PzT4ts1dq2CgqIuVD_924613786-642x1024.jpg 642w, https:\/\/coffeehome.vn\/wp-content\/uploads\/2021\/11\/O1CN01PzT4ts1dq2CgqIuVD_924613786-768x1225.jpg 768w, https:\/\/coffeehome.vn\/wp-content\/uploads\/2021\/11\/O1CN01PzT4ts1dq2CgqIuVD_924613786-600x957.jpg 600w\" sizes=\"(max-width: 790px) 100vw, 790px\" \/> <img loading=\"lazy\" class=\"aligncenter size-full wp-image-13402\" src=\"https:\/\/coffeehome.vn\/wp-content\/uploads\/2021\/11\/O1CN01RTfCgb1dq2Cm821mZ_924613786.jpg\" alt=\"\" width=\"790\" height=\"1223\" srcset=\"https:\/\/coffeehome.vn\/wp-content\/uploads\/2021\/11\/O1CN01RTfCgb1dq2Cm821mZ_924613786.jpg 790w, https:\/\/coffeehome.vn\/wp-content\/uploads\/2021\/11\/O1CN01RTfCgb1dq2Cm821mZ_924613786-194x300.jpg 194w, https:\/\/coffeehome.vn\/wp-content\/uploads\/2021\/11\/O1CN01RTfCgb1dq2Cm821mZ_924613786-661x1024.jpg 661w, https:\/\/coffeehome.vn\/wp-content\/uploads\/2021\/11\/O1CN01RTfCgb1dq2Cm821mZ_924613786-768x1189.jpg 768w, https:\/\/coffeehome.vn\/wp-content\/uploads\/2021\/11\/O1CN01RTfCgb1dq2Cm821mZ_924613786-600x929.jpg 600w\" sizes=\"(max-width: 790px) 100vw, 790px\" \/> <img loading=\"lazy\" class=\"aligncenter size-full wp-image-13403\" src=\"https:\/\/coffeehome.vn\/wp-content\/uploads\/2021\/11\/O1CN010yWvpR1dq2Cf8e7sA_924613786.jpg\" alt=\"\" width=\"790\" height=\"1308\" srcset=\"https:\/\/coffeehome.vn\/wp-content\/uploads\/2021\/11\/O1CN010yWvpR1dq2Cf8e7sA_924613786.jpg 790w, https:\/\/coffeehome.vn\/wp-content\/uploads\/2021\/11\/O1CN010yWvpR1dq2Cf8e7sA_924613786-181x300.jpg 181w, https:\/\/coffeehome.vn\/wp-content\/uploads\/2021\/11\/O1CN010yWvpR1dq2Cf8e7sA_924613786-618x1024.jpg 618w, https:\/\/coffeehome.vn\/wp-content\/uploads\/2021\/11\/O1CN010yWvpR1dq2Cf8e7sA_924613786-768x1272.jpg 768w, https:\/\/coffeehome.vn\/wp-content\/uploads\/2021\/11\/O1CN010yWvpR1dq2Cf8e7sA_924613786-600x993.jpg 600w\" sizes=\"(max-width: 790px) 100vw, 790px\" \/><\/p>\n","protected":false},"excerpt":{"rendered":"","protected":false},"featured_media":13404,"comment_status":"open","ping_status":"closed","template":"","meta":{"om_disable_all_campaigns":false,"_monsterinsights_skip_tracking":false,"_monsterinsights_sitenote_active":false,"_monsterinsights_sitenote_note":"","_monsterinsights_sitenote_category":0},"product_cat":[212,196,194],"product_tag":[],"_links":{"self":[{"href":"https:\/\/coffeehome.vn\/index.php\/wp-json\/wp\/v2\/product\/13398"}],"collection":[{"href":"https:\/\/coffeehome.vn\/index.php\/wp-json\/wp\/v2\/product"}],"about":[{"href":"https:\/\/coffeehome.vn\/index.php\/wp-json\/wp\/v2\/types\/product"}],"replies":[{"embeddable":true,"href":"https:\/\/coffeehome.vn\/index.php\/wp-json\/wp\/v2\/comments?post=13398"}],"wp:featuredmedia":[{"embeddable":true,"href":"https:\/\/coffeehome.vn\/index.php\/wp-json\/wp\/v2\/media\/13404"}],"wp:attachment":[{"href":"https:\/\/coffeehome.vn\/index.php\/wp-json\/wp\/v2\/media?parent=13398"}],"wp:term":[{"taxonomy":"product_cat","embeddable":true,"href":"https:\/\/coffeehome.vn\/index.php\/wp-json\/wp\/v2\/product_cat?post=13398"},{"taxonomy":"product_tag","embeddable":true,"href":"https:\/\/coffeehome.vn\/index.php\/wp-json\/wp\/v2\/product_tag?post=13398"}],"curies":[{"name":"wp","href":"https:\/\/api.w.org\/{rel}","templated":true}]}}