{"id":13702,"date":"2021-11-28T15:51:07","date_gmt":"2021-11-28T08:51:07","guid":{"rendered":"https:\/\/coffeehome.vn\/?post_type=product&#038;p=13702"},"modified":"2021-11-28T15:51:08","modified_gmt":"2021-11-28T08:51:08","slug":"may-xay-ca-phe-mini-cafede-kona-ck5305","status":"publish","type":"product","link":"https:\/\/coffeehome.vn\/index.php\/product\/may-xay-ca-phe-mini-cafede-kona-ck5305\/","title":{"rendered":"M\u00e1y Xay C\u00e0 Ph\u00ea Mini &#8211; Cafede Kona CK5305"},"content":{"rendered":"<p><img loading=\"lazy\" class=\"aligncenter size-full wp-image-13703\" src=\"https:\/\/coffeehome.vn\/wp-content\/uploads\/2021\/11\/1-28.jpg\" alt=\"\" width=\"790\" height=\"791\" srcset=\"https:\/\/coffeehome.vn\/wp-content\/uploads\/2021\/11\/1-28.jpg 790w, https:\/\/coffeehome.vn\/wp-content\/uploads\/2021\/11\/1-28-300x300.jpg 300w, https:\/\/coffeehome.vn\/wp-content\/uploads\/2021\/11\/1-28-150x150.jpg 150w, https:\/\/coffeehome.vn\/wp-content\/uploads\/2021\/11\/1-28-768x769.jpg 768w, https:\/\/coffeehome.vn\/wp-content\/uploads\/2021\/11\/1-28-610x610.jpg 610w, https:\/\/coffeehome.vn\/wp-content\/uploads\/2021\/11\/1-28-100x100.jpg 100w, https:\/\/coffeehome.vn\/wp-content\/uploads\/2021\/11\/1-28-600x601.jpg 600w\" sizes=\"(max-width: 790px) 100vw, 790px\" \/> <img loading=\"lazy\" class=\"aligncenter size-full wp-image-13704\" src=\"https:\/\/coffeehome.vn\/wp-content\/uploads\/2021\/11\/2-29.jpg\" alt=\"\" width=\"790\" height=\"791\" srcset=\"https:\/\/coffeehome.vn\/wp-content\/uploads\/2021\/11\/2-29.jpg 790w, https:\/\/coffeehome.vn\/wp-content\/uploads\/2021\/11\/2-29-300x300.jpg 300w, https:\/\/coffeehome.vn\/wp-content\/uploads\/2021\/11\/2-29-150x150.jpg 150w, https:\/\/coffeehome.vn\/wp-content\/uploads\/2021\/11\/2-29-768x769.jpg 768w, https:\/\/coffeehome.vn\/wp-content\/uploads\/2021\/11\/2-29-610x610.jpg 610w, https:\/\/coffeehome.vn\/wp-content\/uploads\/2021\/11\/2-29-100x100.jpg 100w, https:\/\/coffeehome.vn\/wp-content\/uploads\/2021\/11\/2-29-600x601.jpg 600w\" sizes=\"(max-width: 790px) 100vw, 790px\" \/> <img loading=\"lazy\" class=\"aligncenter size-full wp-image-13705\" src=\"https:\/\/coffeehome.vn\/wp-content\/uploads\/2021\/11\/3-27.jpg\" alt=\"\" width=\"790\" height=\"1349\" srcset=\"https:\/\/coffeehome.vn\/wp-content\/uploads\/2021\/11\/3-27.jpg 790w, https:\/\/coffeehome.vn\/wp-content\/uploads\/2021\/11\/3-27-176x300.jpg 176w, https:\/\/coffeehome.vn\/wp-content\/uploads\/2021\/11\/3-27-600x1025.jpg 600w, https:\/\/coffeehome.vn\/wp-content\/uploads\/2021\/11\/3-27-768x1311.jpg 768w\" sizes=\"(max-width: 790px) 100vw, 790px\" \/> <img loading=\"lazy\" class=\"aligncenter size-full wp-image-13706\" src=\"https:\/\/coffeehome.vn\/wp-content\/uploads\/2021\/11\/4-28.jpg\" alt=\"\" width=\"790\" height=\"790\" srcset=\"https:\/\/coffeehome.vn\/wp-content\/uploads\/2021\/11\/4-28.jpg 790w, https:\/\/coffeehome.vn\/wp-content\/uploads\/2021\/11\/4-28-300x300.jpg 300w, https:\/\/coffeehome.vn\/wp-content\/uploads\/2021\/11\/4-28-150x150.jpg 150w, https:\/\/coffeehome.vn\/wp-content\/uploads\/2021\/11\/4-28-768x768.jpg 768w, https:\/\/coffeehome.vn\/wp-content\/uploads\/2021\/11\/4-28-610x610.jpg 610w, https:\/\/coffeehome.vn\/wp-content\/uploads\/2021\/11\/4-28-100x100.jpg 100w, https:\/\/coffeehome.vn\/wp-content\/uploads\/2021\/11\/4-28-600x600.jpg 600w\" sizes=\"(max-width: 790px) 100vw, 790px\" \/> <img loading=\"lazy\" class=\"aligncenter size-full wp-image-13707\" src=\"https:\/\/coffeehome.vn\/wp-content\/uploads\/2021\/11\/5-28.jpg\" alt=\"\" width=\"790\" height=\"850\" srcset=\"https:\/\/coffeehome.vn\/wp-content\/uploads\/2021\/11\/5-28.jpg 790w, https:\/\/coffeehome.vn\/wp-content\/uploads\/2021\/11\/5-28-279x300.jpg 279w, https:\/\/coffeehome.vn\/wp-content\/uploads\/2021\/11\/5-28-768x826.jpg 768w, https:\/\/coffeehome.vn\/wp-content\/uploads\/2021\/11\/5-28-600x646.jpg 600w\" sizes=\"(max-width: 790px) 100vw, 790px\" \/> <img loading=\"lazy\" class=\"aligncenter size-full wp-image-13708\" src=\"https:\/\/coffeehome.vn\/wp-content\/uploads\/2021\/11\/6-29.jpg\" alt=\"\" width=\"790\" height=\"850\" srcset=\"https:\/\/coffeehome.vn\/wp-content\/uploads\/2021\/11\/6-29.jpg 790w, https:\/\/coffeehome.vn\/wp-content\/uploads\/2021\/11\/6-29-279x300.jpg 279w, https:\/\/coffeehome.vn\/wp-content\/uploads\/2021\/11\/6-29-768x826.jpg 768w, https:\/\/coffeehome.vn\/wp-content\/uploads\/2021\/11\/6-29-600x646.jpg 600w\" sizes=\"(max-width: 790px) 100vw, 790px\" \/> <img loading=\"lazy\" class=\"aligncenter size-full wp-image-13709\" src=\"https:\/\/coffeehome.vn\/wp-content\/uploads\/2021\/11\/7-25.jpg\" alt=\"\" width=\"790\" height=\"850\" srcset=\"https:\/\/coffeehome.vn\/wp-content\/uploads\/2021\/11\/7-25.jpg 790w, https:\/\/coffeehome.vn\/wp-content\/uploads\/2021\/11\/7-25-279x300.jpg 279w, https:\/\/coffeehome.vn\/wp-content\/uploads\/2021\/11\/7-25-768x826.jpg 768w, https:\/\/coffeehome.vn\/wp-content\/uploads\/2021\/11\/7-25-600x646.jpg 600w\" sizes=\"(max-width: 790px) 100vw, 790px\" \/> <img loading=\"lazy\" class=\"aligncenter size-full wp-image-13710\" src=\"https:\/\/coffeehome.vn\/wp-content\/uploads\/2021\/11\/8-22.jpg\" alt=\"\" width=\"790\" height=\"1500\" srcset=\"https:\/\/coffeehome.vn\/wp-content\/uploads\/2021\/11\/8-22.jpg 790w, https:\/\/coffeehome.vn\/wp-content\/uploads\/2021\/11\/8-22-158x300.jpg 158w, https:\/\/coffeehome.vn\/wp-content\/uploads\/2021\/11\/8-22-539x1024.jpg 539w, https:\/\/coffeehome.vn\/wp-content\/uploads\/2021\/11\/8-22-768x1458.jpg 768w, https:\/\/coffeehome.vn\/wp-content\/uploads\/2021\/11\/8-22-600x1139.jpg 600w\" sizes=\"(max-width: 790px) 100vw, 790px\" \/><\/p>\n","protected":false},"excerpt":{"rendered":"","protected":false},"featured_media":13703,"comment_status":"open","ping_status":"closed","template":"","meta":{"om_disable_all_campaigns":false,"_monsterinsights_skip_tracking":false,"_monsterinsights_sitenote_active":false,"_monsterinsights_sitenote_note":"","_monsterinsights_sitenote_category":0},"product_cat":[199,196,213],"product_tag":[],"_links":{"self":[{"href":"https:\/\/coffeehome.vn\/index.php\/wp-json\/wp\/v2\/product\/13702"}],"collection":[{"href":"https:\/\/coffeehome.vn\/index.php\/wp-json\/wp\/v2\/product"}],"about":[{"href":"https:\/\/coffeehome.vn\/index.php\/wp-json\/wp\/v2\/types\/product"}],"replies":[{"embeddable":true,"href":"https:\/\/coffeehome.vn\/index.php\/wp-json\/wp\/v2\/comments?post=13702"}],"wp:featuredmedia":[{"embeddable":true,"href":"https:\/\/coffeehome.vn\/index.php\/wp-json\/wp\/v2\/media\/13703"}],"wp:attachment":[{"href":"https:\/\/coffeehome.vn\/index.php\/wp-json\/wp\/v2\/media?parent=13702"}],"wp:term":[{"taxonomy":"product_cat","embeddable":true,"href":"https:\/\/coffeehome.vn\/index.php\/wp-json\/wp\/v2\/product_cat?post=13702"},{"taxonomy":"product_tag","embeddable":true,"href":"https:\/\/coffeehome.vn\/index.php\/wp-json\/wp\/v2\/product_tag?post=13702"}],"curies":[{"name":"wp","href":"https:\/\/api.w.org\/{rel}","templated":true}]}}